 3*x + 6. Let k be g(b). What is the highest common factor of 16 and k?
16
Let s = 5 - 7. Let q be s/(-2) + 8 + -3. Calculate the highest common divisor of 24 and q.
6
Let h(j) = -2*j - 2. Let t be h(-8). Calculate the highest common divisor of 2 and t.
2
Let g = -279 - -423. What is the highest common divisor of g and 18?
18
Let i(q) = q**2 + 4*q. Let n be i(-5). Let f be 5*12*1/n. Calculate the greatest common factor of f and 48.
12
Suppose -4*x + 72 = 8. Calculate the greatest common divisor of 48 and x.
16
Let b = -5 - -4. Let j be (72/40)/(b/(-5)). Let a(x) = 2*x**2 - 3*x + 9. Let l be a(6). What is the greatest common divisor of j and l?
9
Let p = -56 + 184. What is the greatest common factor of 16 and p?
16
Let f = 257 - 149. Let o be (0 - 2)*-5 + 2. What is the highest common factor of o and f?
12
Let q(h) = -h**2 + 6*h + 7. Let x be q(6). Let w = -4 + x. Let k(f) = 21*f + 1. Let c be k(w). What is the greatest common divisor of 8 and c?
8
Suppose -3*l = -37 + 7. Calculate the greatest common divisor of l and 110.
10
Suppose h - 16 = -3*h + 5*u, -u = -4*h + 16. What is the greatest common divisor of h and 1?
1
Suppose 23 = -d - q, 9 = -4*q - 11. Let o be 16/(-3)*d/8. Let r = -2 - -6. Calculate the highest common divisor of r and o.
4
Suppose 4*y = -5*u + y - 30, -3*y - 15 = 0. Let c = u + 2. Let d be (100 + -1)/((-1)/c). Calculate the highest common factor of 9 and d.
9
Suppose 0 = -5*g + 229 - 29. Calculate the highest common divisor of g and 80.
40
Let l = -63 - -113. Let v be 2 + (-1*38)/(-1). Suppose v = -0*y + 4*y. What is the highest common divisor of y and l?
10
Let b(o) = -o**2 - 4*o - 3. Let m be b(-2). Let v(w) = 2*w**2 + 1. Let x be v(m). Let f = -2 + 5. Calculate the highest common factor of f and x.
3
Suppose 7*b - 3*b = 5*i - 74, 5*i - b - 71 = 0. Suppose 0 = -z - 2 + i. Suppose 0 = -2*q - 2*q + z. What is the highest common factor of 3 and q?
3
Let g = -15 - -22. Let x(z) = 18*z - 7. Let u be x(g). Let r be (-1290)/(-75) - 2/10. What is the greatest common factor of r and u?
17
Let x = -30 - -32. What is the greatest common divisor of x and 4?
2
Let o be 69/(2 + 3/3). What is the highest common divisor of 184 and o?
23
Suppose 0 = 2*p + 22 - 130. Calculate the highest common factor of p and 36.
18
Let y(u) = u**2 - 6*u + 20. Let f be y(6). What is the highest common factor of 60 and f?
20
Let s = 15 + -6. Let a(b) = 4*b - 2. Suppose 5*v = -5 + 30. Let z be a(v). Calculate the greatest common divisor of z and s.
9
Suppose 10 = k - 4. Calculate the greatest common divisor of 2 and k.
2
Let r = -108 - -117. Calculate the highest common divisor of 15 and r.
3
Let l(x) = 3*x - 6. Let i(o) = o + 1. Let z(u) = -i(u) + l(u). Let f be z(6). What is the greatest common divisor of f and 1?
1
Suppose i + i - 100 = 0. Suppose -3*q + 2*z + 44 = 0, -3*q + i = -0*z + z. What is the highest common divisor of q and 144?
16
Suppose 23 + 201 = 2*v. Calculate the greatest common divisor of 14 and v.
14
Suppose 3*o = -2*o + 20. Suppose s = -o*p + p + 18, s = -2*p + 19. Suppose 0 = -3*k + 5*k - 28. Calculate the greatest common divisor of s and k.
7
Suppose 200 = -2*y + 6*y. Calculate the greatest common divisor of y and 125.
25
Let z be -9*-2*(-4)/(-12). What is the highest common divisor of z and 9?
3
Let h(y) be the first derivative of y**4/4 - 11*y**3/3 + 5*y**2 + 14*y - 1. Let x = 4 - -6. Let r be h(x). Calculate the greatest common divisor of 56 and r.
14
Let d(s) = -s**3 - 11*s**2 - 9*s + 12. Let t be d(-10). Suppose 4*j - t*j - 12 = 0. Let h be 392/j - (-4)/6. Calculate the greatest common factor of h and 6.
6
Let h(o) = 3*o**2 - 6*o + 6. Let l be h(4). Let v = 55 - l. What is the highest common factor of v and 10?
5
Let f = 306 + -153. Suppose -4*n = -5*b + 12, 3*n - 5 = -2*b + 9. Let h be n*9 - (-3 - -4). What is the highest common divisor of h and f?
17
Let c be (0 - 4)/((-10)/25). Suppose -3*n + c = -23. What is the highest common factor of n and 99?
11
Let d(s) be the third derivative of s**5/60 - s**4/24 + s**3 - 2*s**2. Let x be (-3 - 5) + 1 + 1. Let u be d(x). What is the greatest common factor of 6 and u?
6
Let h be (-18)/9*(-7)/2. Calculate the greatest common factor of h and 7.
7
Suppose 23 - 97 = -3*w - 5*j, -4*w + 4*j + 120 = 0. Let s be (1 + (-10)/(-4))*88. Calculate the greatest common factor of w and s.
28
Suppose 7*m - 24 = 4*m. Calculate the highest common divisor of m and 4.
4
Let p(a) = -20*a + 2. Let s be p(3). Let k = 106 + s. What is the highest common divisor of k and 16?
16
Suppose -v - 2 - 2 = 4*f, -4*f + 4*v - 4 = 0. Let h be (-160)/(-90) - (-4)/18. Let z be (3 + f)/(1/h). What is the highest common divisor of 8 and z?
4
Suppose 4*q = 5*t - 17, t - 14 = 4*q - t. Let j = 7 + q. What is the highest common factor of 36 and j?
4
Suppose 0 = -3*d - 0*d + 24. Let v be (-110)/(-8) - (-2)/d. Let j(n) = -111*n + 1. Let r be j(-1). Calculate the greatest common divisor of v and r.
14
Suppose -5*g = 5*y - 315, -126 = -2*g + 2*y + y. Calculate the greatest common divisor of 9 and g.
9
Suppose -70 = -3*v + 32. Suppose -2*b + v = -0*b. Let t = -3 + b. Calculate the highest common factor of t and 56.
14
Suppose 2*u + 264 = 5*u. Calculate the highest common factor of 8 and u.
8
Suppose 0 = 64*h - 59*h - 1000. Calculate the highest common divisor of h and 25.
25
Let d(v) = 5*v**2 + 2*v - 12*v - 4*v**2 - 3 + 7. Let b be d(14). What is the highest common factor of b and 24?
12
Let g be 90 - (12 - (-12)/(-2)). Suppose -u = u - 24. Calculate the highest common divisor of g and u.
12
Suppose v - 27 = -4*o, -v + 3*o + o = -3. Let s = v + -9. Let x be (-12)/8 + 111/2. Calculate the greatest common divisor of s and x.
6
Let a be (-5 - 1)*(-16)/6. Suppose -5*y - 2*q = -394, -3*y - 4*q + 139 + 89 = 0. Calculate the greatest common divisor of a and y.
16
Suppose -2*x + 208 = 6*x. Calculate the highest common divisor of 13 and x.
13
Let x = 1 - -3. Let q(n) = n**2 - 2*n + 2. Let p be q(4). Suppose -2*c + 6 = -p. What is the highest common factor of x and c?
4
Let a(g) = 5*g**2 + 2*g - 1. Let i be a(1). Let h be i/4*50/15. Suppose x = n - 7, 5*n - x + 4*x + h = 0. What is the greatest common factor of n and 6?
2
Suppose -2*b - 5 - 1 = -4*u, 16 = 4*u. Suppose 5*i = b*f - 2*f + 17, 4*i - 21 = -5*f. What is the highest common factor of 12 and i?
4
Suppose 5 = 2*r - 1. Suppose -21 = -r*q + l + 1, -5*q = 5*l - 50. What is the greatest common divisor of q and 4?
4
Suppose -2*y = 2*y - 20. Let g be (-6)/y*(-80)/6. What is the highest common factor of g and 4?
4
Let g = 76 - 54. Calculate the greatest common factor of 66 and g.
22
Suppose -2*z + 7*z + 4*j = 105, 10 = 2*j. What is the greatest common divisor of 68 and z?
17
Suppose -6*j - 51 = -5*t - 3*j, 0 = t + j - 15. Let m = 6 + 6. Calculate the greatest common divisor of t and m.
12
Suppose r = 4*x - 64, r + 2 + 17 = x. Suppose 2*q - 99 = q + 2*m, -5*m = -15. What is the highest common divisor of x and q?
15
Let t be 1*(-2 + -3)/(-1). Suppose 0 = -c + t, -6*u = -u - 4*c - 330. Calculate the highest common divisor of u and 14.
14
Suppose -2*b + 40 = 3*b. Calculate the greatest common divisor of b and 4.
4
Let d = -82 - -208. Let t be ((-7)/(-3))/(1/6). Calculate the greatest common divisor of t and d.
14
Suppose -3*c + 0 + 3 = 0. Let g be 0 - c/(-1) - -2. Suppose -r - 7 = g*d, 2*r = 5*d + 6 + 24. What is the highest common divisor of 5 and r?
5
Suppose x = -m + 87, -2*x = -2*m - 7*x + 162. Suppose 5*z - 34 = m. Calculate the greatest common divisor of 10 and z.
5
Let x(h) = -7*h**2 + 1. Let r be x(1). Let m be (-26)/r - 4/(-6). Let w = 29 + -14. What is the highest common divisor of w and m?
5
Let d(l) = l**3 - 6*l**2 - 5*l - 4. Let w be d(5). Let z be (-12)/w - 50/(-18). Let n be 2/3 + 55/z. What is the greatest common factor of 133 and n?
19
Suppose 7 = -4*q - 3*l, 2 - 6 = -q + 5*l. Let k be 1/(q/(-63)*1). What is the greatest common divisor of k and 9?
9
Suppose 10 = -5*f, -4*i + 1 = 2*f - 7. Suppose -35 = -i*u + 1. Calculate the greatest common factor of u and 12.
12
Let i = 0 + 6. Let p be i*(0 + (-15)/(-6)). Calculate the greatest common divisor of 6 and p.
3
Let s(b) = -292*b**2 - 8*b - 5. Let v(w) = 97*w**2 + 3*w + 2. Let u(a) = -3*s(a) - 8*v(a). Let d be u(-1). What is the highes